e 2*z - 15891 = -w, -4*w + 35656 + 27973 = -5*z. Is w a composite number?
False
Suppose 0 = -2*j + 5*i + 74813, 3*j - 43928 - 68278 = 3*i. Is j prime?
False
Suppose 4998 = -4*k + 6*k. Suppose -4*o + k + 961 = 0. Is o a prime number?
False
Let r = 57207 + -7636. Is r a composite number?
True
Suppose -11*t - 75 + 53 = 0. Is ((-15)/60)/(t/49688) a prime number?
True
Let y(p) be the third derivative of p**5/30 - p**4/12 + 2*p**3/3 + 23*p**2. Let u be y(4). Let t = 117 - u. Is t composite?
False
Let d be (-9)/(9/(-4942)) - 4. Let x = d + -2348. Suppose 5*l + 5 = -0, -2*l = -4*o + x. Is o composite?
False
Is (-1)/((-1)/(-2))*53943423/(-438) a composite number?
False
Let q(z) = -z**3 - 2*z**2 + 4*z + 3172. Let b be q(0). Let s = b - 1099. Is s prime?
False
Suppose -29*r + 2746231 + 744775 = 542257. Is r a composite number?
False
Let c(p) = -151401*p + 9298. Is c(-9) composite?
True
Suppose -2576 = -13*t + 1935. Suppose 3*q + 5 = 4*z, 3*q - 8 = -3*z + 22. Suppose -q*b = -t - 758. Is b a prime number?
False
Let k(m) = 5*m + 21. Let u be k(-5). Let d be (262/u)/(2/(-4)). Suppose -2*l + 967 = 3*q, -5*q = 2*l - 1474 - d. Is q composite?
True
Suppose 16*q + 784143 = 2173247. Is q a composite number?
True
Let k = -748 - -748. Suppose k = 38*n - 8*n - 207420. Is n a composite number?
True
Let d(q) = 12*q - 3. Let y be d(2). Let k(h) = 2*h**2 + 17*h - 2. Let a(n) = n**2 + 16*n - 2. Let x(j) = -3*a(j) + 2*k(j). Is x(y) a prime number?
True
Suppose -6*x + 103*x = 11051113. Is x composite?
True
Let w(i) = 1566*i**2 + 124*i + 46. Is w(-12) composite?
True
Let p(n) = n - 3. Let m be p(11). Suppose r - 10 = -m. Suppose 0 = -r*j + 1422 + 712. Is j composite?
True
Let o(p) = 212969*p**3 + p**2 + 34*p - 35. Is o(1) prime?
True
Let t(a) = -6*a**3 + 12*a**2 + 23*a + 455. Is t(-20) a composite number?
True
Let n(t) = 296*t - 3. Let s(w) = -148*w + 1. Let c(z) = -6*n(z) - 13*s(z). Suppose 3*o + 9 + 2 = 4*p, 3*p - 15 = 0. Is c(o) a prime number?
True
Suppose -120*p - 51200 = -125*p - 3*b, -25 = 5*b. Is p a prime number?
True
Suppose -8*z - 29760 = 8*z. Let f = 3499 + z. Is f prime?
False
Suppose -5*d - 7 + 2 = 0, -4*x + 218168 = 4*d. Is x a composite number?
True
Let t(g) = -19*g + 3. Let n be (-1 - -3) + -10 - -4. Let y be t(n). Let x = y + 48. Is x a composite number?
False
Let u(l) = 105 - 3 - 7 + 884*l. Is u(34) composite?
True
Suppose 102*g = 105*g + 318. Is (11/(-2) + 5)*g prime?
True
Let q be ((-7)/(7/(-10)))/((-1)/(-4)). Let n = q + -16. Is ((-1354)/(-6))/(7/(n + -3)) a composite number?
False
Let r(t) = 2324*t + 221. Let d(m) = -11620*m - 1102. Let l(a) = 2*d(a) + 11*r(a). Is l(9) a prime number?
True
Suppose -4*l - 1024121 = -5*u, 0 = -9*u + 6*u + 3*l + 614475. Is u a prime number?
True
Let c = 13051 - -6898. Is c prime?
True
Let m = -173 - -180. Suppose 2261 + 15260 = m*c. Is c prime?
True
Let w be (-810)/(-99) + (-2)/11. Is (-13838)/(-16) - (-1)/w a prime number?
False
Suppose -4*b - 5*w = 40, -5*b - 4*w = -0*b + 41. Let c = -2 - b. Is 6/2 - (c - 391) a composite number?
True
Let w = -89953 + 139386. Is w prime?
True
Let j(l) = -l**3 - 12*l + 24. Let x(t) = t + 1. Let n(w) = -j(w) + 6*x(w). Let h = -616 + 627. Is n(h) prime?
True
Let x(w) = -7*w - 31. Let u be x(-4). Is (2784 + 5)/(u/(-7 + 4)) a prime number?
True
Let r(c) = -c**2 - 5*c + 11. Let o be r(-6). Suppose -2*u + 5 - 4 = -o*l, -4*u = -5*l + 3. Is 771/6 - -3*u/4 prime?
True
Let i be 468/858 + 5/((-55)/(-38)). Suppose 0 = -5*l - u + 2492, 0*l - 3*u = 4*l - 1998. Suppose i*m - l = -158. Is m prime?
False
Let t = -176 - -208. Is (-13378)/(-8) - (-24)/t a prime number?
False
Let g(v) = 3112*v - 4289. Is g(96) a prime number?
False
Let u = 5532 + 12125. Is u a composite number?
False
Suppose 203928 = 13*f + 17391. Let v = f - 8732. Is v prime?
False
Let a(p) = 6*p**3 + 5*p**2 + 11*p + 7. Suppose 3*q + 6*i = 2*i + 30, -4*q = -2*i - 40. Is a(q) prime?
False
Let z(d) = -230926*d + 189. Is z(-2) composite?
False
Let m = 1306 + 20911. Is m prime?
False
Suppose 4*z + i + 8 = 5*i, -5*i = 2*z + 4. Let k be (-1)/3*(-1729 + z). Suppose -276 - k = -w. Is w prime?
True
Is -2 + -13 - 2689792/(-8) a composite number?
True
Suppose -386*i - 575429 = -415*i + 3353984. Is i prime?
True
Let n(i) = -3*i + 8. Let f be n(2). Suppose -f*z + u - 10 = 0, 5*z + 4*u + 1 = 2. Is (-2 - -4)*17 + z a composite number?
False
Suppose 8348*c - 2817688 = 8340*c. Is c composite?
True
Let a be 538 + 2/(-8)*-28. Let l = 4038 - a. Is l a prime number?
False
Suppose -3*p = 4*f - 37, -2*f = 5*p - f - 73. Suppose -20*b + p = -5*b. Is b*(-1 + 4) + 67952/31 composite?
True
Let l(a) be the first derivative of 1955/2*a**2 + 11 - 6*a. Is l(1) a prime number?
True
Let j(c) = 9*c**2 + 2*c**3 + 3*c**3 + 33*c - 4*c**3 - 19 - 3*c**3. Is j(-11) composite?
True
Let j = -12312 + 23806. Suppose 9*z + j = 11*z. Is z prime?
False
Let f = -145 + 149. Suppose -2*i + 9439 = 5*l, 0 = 2*i - f*l - 12043 + 2613. Is i a prime number?
False
Let c = -3986 - -5138. Let x be 1*(1 + 0) + 1. Suppose 254 = -x*z + c. Is z a composite number?
False
Suppose -4329 = -819*j + 806*j. Suppose 0 = 4*m + m + 20. Is 10/(-1 + m) + j composite?
False
Suppose -12*p - 55 = -331. Suppose -3*r + p*r - 71780 = 0. Is r a prime number?
False
Suppose 19281*s - 3028910 = 19271*s. Is s prime?
True
Let p(l) = l**3 - 47*l**2 + 43*l - 5. Let w be p(46). Suppose u - a - 261 = 0, 2*u - 528 = -4*a - 0*a. Let n = u + w. Is n prime?
False
Is (-6228504)/(-10) - (-3 - 660/(-150)) composite?
False
Let h be ((-3)/(-4))/(42/224). Suppose -1280 = -4*w - h*t, 0 = w + t - 5*t - 315. Is w prime?
False
Let s = 177278 + -59679. Is s a composite number?
True
Let k = 2909495 + -2007858. Is k a prime number?
False
Let j(g) = -4*g - 24. Let d be j(-6). Suppose d = -3*t - 3*t + 18. Suppose -t*s + 25 + 86 = 0. Is s composite?
False
Let q(l) = 7*l**2 - 26. Let v = -68 + 16. Let n = v + 60. Is q(n) a composite number?
True
Suppose -4*k + 7 = -9. Suppose 0 = 12*f - 10*f - k. Suppose 0*j + f*r = -3*j + 231, -r - 398 = -5*j. Is j a composite number?
False
Let m(c) = -c**2 - 13*c - 18. Let s be m(-12). Let g(x) = -81*x - 85. Is g(s) prime?
True
Let h(a) be the first derivative of a**3/3 + a**2/2 + 26. Let w(j) = 37*j**2 - j + 5. Let m(d) = 2*h(d) + w(d). Is m(2) a composite number?
False
Suppose -1077148 = -341*y + 265*y. Is y prime?
True
Let o = -142356 - -568969. Is o prime?
False
Let f(a) = 1167*a**2 - a - 15. Let p be f(5). Suppose -p - 1281 = -14*r. Is r a composite number?
True
Let k(t) = -14*t - 29. Suppose 0 = 5*l + 32 + 33. Let b be k(l). Suppose -2*y + 5*y - b = 0. Is y prime?
False
Suppose 1832 - 68574 = -2*j + 2*h, j - 33353 = 4*h. Is j prime?
True
Let k = 2700 + 12817. Suppose 29*r = 34*r - 9*g - 21696, 2*r - 4*g - 8680 = 0. Suppose -r = 5*l - k. Is l composite?
False
Let n = 186695 - -15266. Is n a prime number?
True
Let j(n) = -n - 7. Let g be j(-7). Suppose 2*w - 5*i = 9 + 131, -w - 4*i + 57 = g. Is w composite?
True
Suppose -2*i = 3*l - 109924, 0 = 3*i - l - 4733 - 160142. Is i a composite number?
False
Let b(o) = -106*o**3 - 3*o**2 - 6*o - 21. Let h be (-7)/(-3) + (-665)/105. Is b(h) a composite number?
True
Suppose 0 = -4*w + a + 907625, 0 = -5*w + 139*a - 141*a + 1134528. Is w a prime number?
False
Suppose 4*f + 4*k - 16 = 6*f, 0 = -f - 2*k + 8. Suppose -4*j - 2*q + 7116 = f, -q + 0 = 4. Is j a composite number?
True
Let m(x) = 869*x**3 + 14*x**2 - 16*x - 17. Is m(2) composite?
False
Let x(h) = -20*h**3 + 32*h**2 - 52*h - 237. Is x(-25) prime?
True
Is 1*2*53113*(72/(-16) + 5) prime?
True
Let l(u) = -2183*u + 1265. Is l(-64) composite?
False
Let w(i) = -i - 5. Let y be w(-6). Let n be (y - (-1 + -4505)) + (65 - 62). Let g = n - 2775. Is g composite?
True
Is 5/((-70)/(-196)) - -963 prime?
True
Let s(d) = -275768*d**3 - 24*d**2 - 18*d + 5. Is s(-1) a composite number?
False
Let b(r) = 2592*r + 143. Is b(12) a composite number?
False
Let a = -135 + 160. Suppose -24*i - 4673 = -a*i. Is i a composite number?
False
Suppose 0 = 2*a - 2*m - 2*m - 2364, -2*a = 4*m - 2388. Let d be ((-6)/4)/((-9)/12). Suppose d*s - 3*s = 5, z - a = -s. Is z composite?
False
Let g(s) = 3*s**3 - 10*s**2 + 27*s + 143. Let m be g(-5). Suppose 0*b + 2*b = 7528. Let k = b - m. Is k composite?
True
Let z(i) = -176*i + 143. Let v be z(15). L